{"version":"1.0","provider_name":"National Orthopaedic Division of the Canadian Physiotherapy Association","provider_url":"https:\/\/www.orthodiv.org\/fr\/","author_name":"Web Master","author_url":"https:\/\/www.orthodiv.org\/fr\/blog\/author\/web-master\/","title":"Revue clinique de la division d\u2019orthop\u00e9die (RCDO) porte sur la douleur \u00e0 la face lat\u00e9rale du coude - National Orthopaedic Division of the Canadian Physiotherapy Association","type":"rich","width":600,"height":338,"html":"<blockquote class=\"wp-embedded-content\" data-secret=\"RFu75VXnNO\"><a href=\"https:\/\/www.orthodiv.org\/fr\/journal\/vol32n6\/\">Revue clinique de la division d\u2019orthop\u00e9die (RCDO)  porte sur la douleur \u00e0 la face lat\u00e9rale du coude<\/a><\/blockquote><iframe sandbox=\"allow-scripts\" security=\"restricted\" src=\"https:\/\/www.orthodiv.org\/fr\/journal\/vol32n6\/embed\/#?secret=RFu75VXnNO\" width=\"600\" height=\"338\" title=\"\u00ab\u00a0Revue clinique de la division d\u2019orthop\u00e9die (RCDO)  porte sur la douleur \u00e0 la face lat\u00e9rale du coude\u00a0\u00bb &#8212; National Orthopaedic Division of the Canadian Physiotherapy Association\" data-secret=\"RFu75VXnNO\" frameborder=\"0\" marginwidth=\"0\" marginheight=\"0\" scrolling=\"no\" class=\"wp-embedded-content\"><\/iframe><script type=\"text\/javascript\">\n\/* <![CDATA[ *\/\n\/*! This file is auto-generated *\/\n!function(d,l){\"use strict\";l.querySelector&&d.addEventListener&&\"undefined\"!=typeof URL&&(d.wp=d.wp||{},d.wp.receiveEmbedMessage||(d.wp.receiveEmbedMessage=function(e){var t=e.data;if((t||t.secret||t.message||t.value)&&!\/[^a-zA-Z0-9]\/.test(t.secret)){for(var s,r,n,a=l.querySelectorAll('iframe[data-secret=\"'+t.secret+'\"]'),o=l.querySelectorAll('blockquote[data-secret=\"'+t.secret+'\"]'),c=new RegExp(\"^https?:$\",\"i\"),i=0;i<o.length;i++)o[i].style.display=\"none\";for(i=0;i<a.length;i++)s=a[i],e.source===s.contentWindow&&(s.removeAttribute(\"style\"),\"height\"===t.message?(1e3<(r=parseInt(t.value,10))?r=1e3:~~r<200&&(r=200),s.height=r):\"link\"===t.message&&(r=new URL(s.getAttribute(\"src\")),n=new URL(t.value),c.test(n.protocol))&&n.host===r.host&&l.activeElement===s&&(d.top.location.href=t.value))}},d.addEventListener(\"message\",d.wp.receiveEmbedMessage,!1),l.addEventListener(\"DOMContentLoaded\",function(){for(var e,t,s=l.querySelectorAll(\"iframe.wp-embedded-content\"),r=0;r<s.length;r++)(t=(e=s[r]).getAttribute(\"data-secret\"))||(t=Math.random().toString(36).substring(2,12),e.src+=\"#?secret=\"+t,e.setAttribute(\"data-secret\",t)),e.contentWindow.postMessage({message:\"ready\",secret:t},\"*\")},!1)))}(window,document);\n\/\/# sourceURL=https:\/\/www.orthodiv.org\/wp-includes\/js\/wp-embed.min.js\n\/* ]]> *\/\n<\/script>\n","description":"Une Note des \u00c9diteurs Vol 32 no 6 &#8211; D\u00c9cembre 2019: porte sur la douleur \u00e0 la face lat\u00e9rale du coude Nous souhaitons un beau mois de d\u00e9cembre \u00e0 tous les membres de la DNO! Nousesp\u00e9rons que tout le monde passe une belle p\u00e9riode des f\u00eates jusqu\u2019\u00e0 maintenant. LIRE LA SUITE Rapport du pr\u00e9sident Je... Lire la suite &raquo;"}

Revue clinique de la division d’orthopédie (RCDO) porte sur la douleur à la face latérale du coude - National Orthopaedic Division of the Canadian Physiotherapy Association

<blockquote class="wp-embedded-content" data-secret="RFu75VXnNO"><a href="https://www.orthodiv.org/fr/journal/vol32n6/">Revue clinique de la division d’orthopédie (RCDO)  porte sur la douleur à la face latérale du coude</a></blockquote><iframe sandbox="allow-scripts" security="restricted" src="https://www.orthodiv.org/fr/journal/vol32n6/embed/#?secret=RFu75VXnNO" width="600" height="338" title="« Revue clinique de la division d’orthopédie (RCDO)  porte sur la douleur à la face latérale du coude » &#8212; National Orthopaedic Division of the Canadian Physiotherapy Association" data-secret="RFu75VXnNO" frameborder="0" marginwidth="0" marginheight="0" scrolling="no" class="wp-embedded-content"></iframe><script type="text/javascript">
/* <![CDATA[ */
/*! This file is auto-generated */
!function(d,l){"use strict";l.querySelector&&d.addEventListener&&"undefined"!=typeof URL&&(d.wp=d.wp||{},d.wp.receiveEmbedMessage||(d.wp.receiveEmbedMessage=function(e){var t=e.data;if((t||t.secret||t.message||t.value)&&!/[^a-zA-Z0-9]/.test(t.secret)){for(var s,r,n,a=l.querySelectorAll('iframe[data-secret="'+t.secret+'"]'),o=l.querySelectorAll('blockquote[data-secret="'+t.secret+'"]'),c=new RegExp("^https?:$","i"),i=0;i<o.length;i++)o[i].style.display="none";for(i=0;i<a.length;i++)s=a[i],e.source===s.contentWindow&&(s.removeAttribute("style"),"height"===t.message?(1e3<(r=parseInt(t.value,10))?r=1e3:~~r<200&&(r=200),s.height=r):"link"===t.message&&(r=new URL(s.getAttribute("src")),n=new URL(t.value),c.test(n.protocol))&&n.host===r.host&&l.activeElement===s&&(d.top.location.href=t.value))}},d.addEventListener("message",d.wp.receiveEmbedMessage,!1),l.addEventListener("DOMContentLoaded",function(){for(var e,t,s=l.querySelectorAll("iframe.wp-embedded-content"),r=0;r<s.length;r++)(t=(e=s[r]).getAttribute("data-secret"))||(t=Math.random().toString(36).substring(2,12),e.src+="#?secret="+t,e.setAttribute("data-secret",t)),e.contentWindow.postMessage({message:"ready",secret:t},"*")},!1)))}(window,document);
//# sourceURL=https://www.orthodiv.org/wp-includes/js/wp-embed.min.js
/* ]]> */
</script>

Une Note des Éditeurs Vol 32 no 6 &#8211; DÉcembre 2019: porte sur la douleur à la face latérale du coude Nous souhaitons un beau mois de décembre à tous les membres de la DNO! Nousespérons que tout le monde passe une belle période des fêtes jusqu’à maintenant. LIRE LA SUITE Rapport du président Je... Lire la suite &raquo;
